est common divisor of o and 33.
11
Let w be (1 - -1)/(8/(-188)). Let c = -17 - w. Let t = c + -17. Calculate the highest common factor of 13 and t.
13
Let o = 100 + -59. What is the highest common divisor of o and 123?
41
Let x be 2/(-4) - (-7)/14*647. Calculate the highest common factor of 17 and x.
17
Suppose 198 = -10*u + 13*u. What is the highest common divisor of u and 22?
22
Suppose -46 = -i + 50. Suppose -2*j = -j - i. Suppose 2*q - 12 = q. What is the highest common divisor of j and q?
12
Suppose -14*t + t + 104 = 0. What is the greatest common divisor of 56 and t?
8
Let c(w) = 2*w**2 + 7*w - 5. Let n be c(4). Let u(a) = a**3 - 3*a**2 + 2*a - 1. Let b be u(3). Calculate the highest common factor of b and n.
5
Suppose -7*j + 5*j = -8. Suppose -j*x - 112 + 32 = 0. Let t be x/(-30) + 37/3. What is the greatest common divisor of 52 and t?
13
Let l be (26 - 1)*16/20. Calculate the highest common divisor of l and 10.
10
Let l be (-4)/(8/(-6)) - 0. Let g = l + 49. Calculate the highest common divisor of g and 13.
13
Suppose 30 = -2*u + 2*p, -2*u - 64 = 2*u - 2*p. Let j = 52 + u. Calculate the highest common divisor of 5 and j.
5
Suppose -6 = 2*g, -3*a + 4*g + 176 = -124. What is the greatest common factor of 24 and a?
24
Suppose 7*w = 5*q + 4*w - 132, -4*w = -q + 23. What is the highest common divisor of 36 and q?
9
Let w(m) = -13*m - 1. Let u be w(-1). Let d = u + 6. Suppose 2*x - 9 - 27 = 0. Calculate the highest common divisor of d and x.
18
Let d(t) = t + 2. Let n(v) = -v**2 + 6*v - 3. Let z be n(5). Let s be d(z). Suppose 260 = b + s*b. Calculate the highest common factor of b and 13.
13
Let y be 0*(0 + (0 - -1)). Suppose 5*o - 143 - 67 = y. Let p = 26 - -2. Calculate the greatest common factor of o and p.
14
Let r be (-207 + 4/2)/(-1). What is the greatest common divisor of r and 41?
41
Let h(d) = 11*d**2 + 6*d + 52. Let o be h(-5). What is the highest common factor of o and 27?
27
Let c(g) = g**2 + 2*g - 23. Let m be c(7). Calculate the greatest common factor of m and 30.
10
Let j(u) = -u**3 + 3*u**2 + 4*u + 4. Let d be j(4). Suppose 2*k + 3*v - 20 = v, 5*k - 64 = 2*v. Calculate the highest common divisor of k and d.
4
Let h(r) = r**2 - 2*r. Let q(z) = -z**2 + z - 7. Let c be q(0). Let x be h(c). Calculate the highest common factor of x and 7.
7
Let t = -351 - -493. Let b = -57 + t. Let a(j) = -5*j - 3. Let w be a(-4). What is the highest common divisor of w and b?
17
Suppose 4*z - 8*d = -4*d + 944, -2*z + 456 = 2*d. What is the highest common factor of 29 and z?
29
Let k(t) = -2 + 0*t**2 + 3*t**2 + 4*t - t**3 - t + 3. Let w be k(3). What is the highest common divisor of 10 and w?
10
Let a(u) = -u**2 - 6*u + 3. Let r be a(-6). Suppose 0 = -4*g - 16, 2*y - 84 = -r*y + g. Calculate the highest common factor of 32 and y.
16
Let r = -21 + 72. Suppose 0 = 3*v - 9 - 42. Calculate the greatest common divisor of r and v.
17
Suppose -f = k + 4*k - 13, 2*f + 4 = 0. Let t be k/(-6)*2 - -24. Suppose -t = -2*o - 7. Calculate the greatest common factor of 2 and o.
2
Let i(q) be the first derivative of -q**3/3 + 15*q - 1. Let l be i(0). Suppose -4*c + 2 = -22. Calculate the greatest common divisor of c and l.
3
Let h(k) = 0 - 1 - 3 - k**3 + 3*k + 8*k**2 + 10*k. Let r be h(9). What is the greatest common factor of r and 8?
8
Let m be (10/(-25))/(2/120). Let x be -30*(-3 - m/10). What is the greatest common divisor of 162 and x?
18
Let c(p) = p**2 - 3*p + 5. Let j be c(4). Suppose -s + 90 = s. Calculate the highest common factor of j and s.
9
Suppose 3*w = 36 + 36. Let x = 27 + w. What is the greatest common divisor of x and 17?
17
Let w be (1 + 1)/(2 + -1). Suppose -w*z = -59 + 11. What is the highest common factor of z and 24?
24
Let h(v) be the first derivative of -v**3/3 + 9*v**2/2 + 4*v + 3. Let z be h(8). What is the greatest common divisor of z and 12?
12
Let p be (-2)/2*(5 - -2). Let g(n) = 2*n + 8. Let i be g(p). Let a be (i + 7)/(1/2). Calculate the greatest common divisor of 10 and a.
2
Suppose 2*z - 2 = -6. Let a be z + (2 - 1 - -27). Calculate the highest common divisor of 13 and a.
13
Suppose 0 = -c, -5*t + 2*c + 90 = 3*c. Calculate the greatest common divisor of t and 6.
6
Let h(z) = 2*z**2 + 8*z - 7. Let d be h(-5). Suppose -2*r - 172 = -4*u + 3*r, 2*r - 106 = -d*u. Calculate the highest common factor of 57 and u.
19
Let b = -7 - -9. Let y = b - -4. Calculate the greatest common divisor of y and 4.
2
Suppose 0*c = 3*c - 120. What is the highest common factor of 10 and c?
10
Let t be (84/(-8))/((-3)/4). What is the greatest common factor of t and 154?
14
Let m = 5 + -1. Suppose 4*h = 3*a - 182, m*a - 4*h = -2*h + 256. Let b be ((-12)/16)/((-1)/8). Calculate the greatest common divisor of a and b.
6
Suppose -2*g = -4*k + 1 + 11, 0 = -3*k - 3*g. Suppose -5 = 3*m - 3*d + d, -k*m - d = -6. Suppose -2*o - m = -25. What is the highest common divisor of o and 4?
4
Suppose s + 0*d - 2*d = 10, -4*d = s + 2. What is the highest common divisor of s and 246?
6
Suppose 0 = -3*b + 392 - 20. Suppose 4*v - 180 = b. What is the highest common divisor of v and 19?
19
Let r = 91 + -40. Suppose -4*t = -5*g + r, 2*g + 3*t - 5*t - 20 = 0. Calculate the highest common factor of 66 and g.
11
Let n(w) = -w + 11. Let s be n(-3). What is the greatest common divisor of s and 98?
14
Let a = 0 + 5. Suppose a*y + 3*x = 134, -4*x - 5 = y - 25. Calculate the highest common divisor of y and 7.
7
Let a be (-58)/(-8) + (-15)/(-20). What is the greatest common factor of 12 and a?
4
Let n = -21 - -9. Let s be ((-18)/12)/(2/n). What is the highest common divisor of s and 27?
9
Let o(x) = -42*x**3 - x**2 + 2*x + 2. Let n be o(-1). What is the greatest common divisor of n and 451?
41
Suppose -i + 4*i = 12. Suppose -7 = -3*a + 3*u + 5, 0 = 3*a - 4*u - 10. What is the greatest common divisor of a and i?
2
Suppose 22 = -4*n + 2, 0 = -5*q + n + 25. Calculate the highest common factor of q and 4.
4
Let r = 1 + 0. Let h be -3 + 0 - (3 - 9). Suppose -h = 2*s - 5*s. Calculate the greatest common factor of r and s.
1
Let v be 3 + (30 - (5 - 2)). Calculate the greatest common divisor of 15 and v.
15
Let w = 649 - 579. Let d = 21 + -7. What is the highest common factor of d and w?
14
Let a(w) be the third derivative of 3*w**4/8 + w**3/3 - 6*w**2. Let d be a(2). What is the greatest common divisor of 5 and d?
5
Let v = 19 - 7. Let y = v - 8. What is the highest common factor of 4 and y?
4
Suppose u = -5*k + 162, -5*k + 1 - 6 = 0. Let g = -97 + u. Calculate the greatest common factor of g and 10.
10
Let f = 761 + -457. What is the highest common divisor of f and 38?
38
Suppose -4*h - 430 - 524 = -u, 4 = 2*u. Let q = 513 + h. Suppose 0 = -4*c + 5*p + q, 5*c - 2*p = -155 + 503. What is the highest common divisor of c and 14?
14
Suppose 4*i = -i + 100. Let y be (-164)/(-8) + 1/(-2). Calculate the greatest common factor of y and i.
20
Let c(x) = -x - 10. Suppose 2*l = -l - 33. Let k be c(l). Let m = 15 + -7. What is the highest common divisor of m and k?
1
Let s(a) = a**3 - 5*a**2 - 2*a + 5. Let j be s(5). Let i = j - -4. Let y be 26 - (i + 0 + -1). Calculate the greatest common factor of y and 7.
7
Suppose 5*i + f = 3*f + 32, -2*i = f - 11. Suppose -4*r + 6 = -2*r. What is the greatest common divisor of r and i?
3
Let a(s) be the third derivative of s**5/30 - s**3/6 - 3*s**2. Let k be a(1). Let o be (3 + 2)*(k - -7). Calculate the highest common divisor of o and 10.
10
Let b be (-1)/(-3)*13*-3. Let q = 148 - b. What is the highest common factor of 23 and q?
23
Let q = -5 + 5. Let i = -6 - -11. Suppose q = i*w + 28 - 348. Calculate the greatest common factor of w and 16.
16
Let y = 210 - 105. What is the greatest common factor of y and 70?
35
Let k(f) = -f**3 + 3*f**2 + 7*f + 2. Let m be k(4). Calculate the greatest common factor of m and 140.
14
Let a(g) be the third derivative of g**4/6 - g**3/3 + 4*g**2. Let x be a(3). Calculate the greatest common divisor of 110 and x.
10
Suppose 2*j = 2*l + 70, j + 0*j + 3*l - 35 = 0. Let p = 56 - j. Calculate the highest common divisor of 42 and p.
21
Let u be (8/(-10))/((-12)/120). What is the greatest common factor of 4 and u?
4
Let q(z) be the first derivative of 4*z**3/3 + 9*z**2/2 + 8*z + 2. Let c be q(-5). What is the highest common divisor of 